, what is -21 - 11?
-32
In base 12, what is -38 + 1?
-37
In base 2, what is -100 + 100001001100?
100001001000
In base 6, what is 3215 + 2?
3221
In base 2, what is 0 - 110110101100?
-110110101100
In base 4, what is 111011 + -11?
111000
In base 6, what is -50 + 5?
-41
In base 13, what is -c669 - -4?
-c665
In base 14, what is 9 + 234?
23d
In base 14, what is 43 - 5?
3c
In base 11, what is -104 - -10?
-a4
In base 10, what is 70 - 15?
55
In base 5, what is 4 - -1314?
1323
In base 15, what is 3 - 32?
-2e
In base 12, what is -985 - -2?
-983
In base 13, what is 6 - 78a?
-784
In base 11, what is 22 - -4?
26
In base 8, what is 5 + -10541?
-10534
In base 11, what is 0 + 828?
828
In base 15, what is -39 + 3?
-36
In base 2, what is -1 - 1010000?
-1010001
In base 15, what is 4 - 1a0a?
-1a06
In base 3, what is -20201 - -12?
-20112
In base 6, what is 3 + 2404?
2411
In base 8, what is 313 - 60?
233
In base 16, what is 0 + -1e3?
-1e3
In base 7, what is 1 + -131?
-130
In base 7, what is 4 + 166?
203
In base 16, what is -34 + 22?
-12
In base 11, what is -1950 - -1?
-194a
In base 4, what is -11000 + 3?
-10331
In base 10, what is -7 + 305?
298
In base 9, what is -2 + -21?
-23
In base 12, what is -159 - -4?
-155
In base 16, what is -a0 + -26?
-c6
In base 3, what is 11011 - -11?
11022
In base 7, what is 1553 + 2?
1555
In base 7, what is -62 - -4?
-55
In base 4, what is -11112 + 2?
-11110
In base 14, what is c1 + 10?
d1
In base 8, what is -21 + 173?
152
In base 4, what is -1332 - 10?
-2002
In base 15, what is -a6a - 11?
-a7b
In base 16, what is 0 + 42?
42
In base 2, what is -1101011 - -10101?
-1010110
In base 3, what is -112 - -11201?
11012
In base 3, what is 102 - -122002?
122111
In base 10, what is 6 + 627?
633
In base 11, what is -1280 - -6?
-1275
In base 5, what is -11303 + -11?
-11314
In base 11, what is -3 + -2473?
-2476
In base 16, what is 18 + 11?
29
In base 13, what is 6 - 10?
-7
In base 12, what is -9b - -175?
96
In base 7, what is 20 + 1?
21
In base 2, what is 110111001 - -11?
110111100
In base 10, what is -18 + -2?
-20
In base 7, what is 443 - 2?
441
In base 11, what is 1425 - 5?
1420
In base 6, what is -231 + 302?
31
In base 3, what is 22 - -111?
210
In base 8, what is -33557 + 3?
-33554
In base 13, what is 3 + 6?
9
In base 4, what is 1032 + 0?
1032
In base 14, what is -23 + -22?
-45
In base 14, what is -88 - -3?
-85
In base 14, what is -3 - 53b?
-540
In base 10, what is 4 + -516?
-512
In base 8, what is 43 - -567?
632
In base 9, what is 1 - -141?
142
In base 10, what is 371 + -16?
355
In base 13, what is -3 + b85?
b82
In base 9, what is -68 - 16?
-85
In base 13, what is 2 + -21?
-1c
In base 16, what is 1 - 12?
-11
In base 6, what is -4 - -34?
30
In base 12, what is -1 + 269?
268
In base 8, what is -124 + 33?
-71
In base 7, what is 113 - -25?
141
In base 8, what is -41 - 6?
-47
In base 12, what is -5 - 76?
-7b
In base 14, what is 10 - 22?
-12
In base 6, what is -1 - -1414?
1413
In base 3, what is 102022 - -11?
102110
In base 6, what is -524 - 14?
-542
In base 3, what is -2122 + 10?
-2112
In base 8, what is -4 - 3767?
-3773
In base 11, what is -667 - 0?
-667
In base 13, what is 26 + 3?
29
In base 12, what is -3 - 4a?
-51
In base 2, what is -100 - -1010?
110
In base 4, what is -13 + -12233?
-12312
In base 13, what is -149 + -12?
-15b
In base 4, what is -11 - 322213?
-322230
In base 4, what is -32223 + 32?
-32131
In base 15, what is -27 + -19?
-41
In base 14, what is -161 - 5?
-166
In base 10, what is 1 - 103?
-102
In base 4, what is 11 + -21333?
-21322
In base 9, what is 21 - 17?
3
In base 8, what is -177 - 4?
-203
In base 11, what is 3 + -9?
-6
In base 3, what is -1211 - 11?
-1222
In base 12, what is 28 - 22?
6
In base 10, what is -267 - -5?
-262
In base 3, what is -211 + 1000?
12
In base 11, what is -18 - 4?
-21
In base 14, what is -3 + -5b?
-60
In base 12, what is -45 + 5?
-40
In base 7, what is -634 - -3?
-631
In base 3, what is -111011 - -12?
-110222
In base 4, what is -22132 - -1?
-22131
In base 2, what is 11001010 - -100?
11001110
In base 3, what is -21 - 121?
-212
In base 9, what is 214 + 4?
218
In base 7, what is -6 + -2?
-11
In base 14, what is -12 + 5?
-b
In base 16, what is -1a + 10?
-a
In base 9, what is 18 + -1112?
-1083
In base 16, what is 8 + 7?
f
In base 13, what is -3 + -65a?
-660
In base 14, what is -9 - -7?
-2
In base 9, what is -28 - -2?
-26
In base 3, what is 1 + 1200012?
1200020
In base 4, what is 10 - 220?
-210
In base 14, what is -8 - -b?
3
In base 16, what is 1311 + 4?
1315
In base 16, what is 4 - -ea?
ee
In base 6, what is -44 - 23?
-111
In base 13, what is -2 - 2c4?
-2c6
In base 15, what is -11 + 65?
54
In base 16, what is 1 - c?
-b
In base 6, what is 43 - 0?
43
In base 5, what is -3 + 11102?
11044
In base 4, what is 3 + -20100?
-20031
In base 5, what is -20 - -3320?
3300
In base 11, what is 8 + -2a5?
-298
In base 11, what is -69a4 + 2?
-69a2
In base 14, what is 1 + -2d?
-2c
In base 2, what is 1010 - 10010101?
-10001011
In base 8, what is -155 + 1?
-154
In base 16, what is -5 - 80?
-85
In base 6, what is 1 + -42?
-41
In base 13, what is 6 + b?
14
In base 13, what is -1 + -1914?
-1915
In base 2, what is 1110 - 11111?
-10001
In base 10, what is -1929 + 4?
-1925
In base 15, what is 903c - -3?
9040
In base 16, what is -c + -11?
-1d
In base 8, what is 2447 - -5?
2454
In base 7, what is 14011 + 5?
14016
In base 15, what is -3a92 - -5?
-3a8c
In base 9, what is -135 + 7?
-127
In base 9, what is 4 + 16?
21
In base 15, what is 5 + -244?
-23e
In base 16, what is -25 + -4?
-29
In base 14, what is 2 + 252?
254
In base 9, what is 3 - 74?
-71
In base 6, what is -11 - 3542?
-3553
In base 4, what is -10 - -302?
232
In base 14, what is -b + -138?
-145
In base 7, what is -15 + 103?
55
In base 5, what is 4 - 30103?
-30044
In base 15, what is 4 + 39?
3d
In base 3, what is -10 - 10001121?
-10001201
In base 8, what is 135 + 0?
135
In base 10, what is 19 + 6?
25
In base 9, what is 162 + -4?
157
In base 5, what is -1 + -212?
-213
In base 7, what is -51 - -302?
221
In base 14, what is 20d0 + -4?
20ca
In base 4, what is 30221 + 11?
30232
In base 4, what is -3 + -111?
-120
In base 14, what is 2 - b?
-9
In base 6, what is -512 - -23?
-445
In base 14, what is 86d + 4?
873
In base 2, what is 10 + -10010011101?
-10010011011
In base 11, what is 2 + 3644?
3646
In base 14, what is 68 + 4?
6c
In base 2, what is 1010110111100001 - 101?
1010110111011100
In base 11, what is 560 - 5?
556
In base 14, what is -2 - 3d?
-41
In base 5, what is -1 - -23?
22
In base 11, what is -31 - -13?
-19
In base 10, what is 5 + 149?
154
In base 16, what is 2 - -38?
3a
In base 8, what is -3 - 24?
-27
In base 10, what is 3 + -17?
-14
In base 7, what is 12 - -16?
31
In base 11, what is 12 + 0?
12
In base 5, what is 10 - -4?
14
In base 5, what is 10 - 31102?
-31042
In base 6, what is 4 - 1014?
-1010
In base 15, what is 0 - 1c?
-1c
In base 13, what is 4 + -16a8?
-16a4
In base 4, what is -11 + 12023?
12012
In base 4, what is -10 - 2102?
-2112
In base 14, what is -10d + 34?
-b9
In base 4, what is 11 + -2032?
-2021
In base 10, what is 35 - 33?
2
In base 16, what is 5 - -a6f?
a74
In base 14, what is -94b - -8?
-943
In base 13, what is 14 + 149?
160
In base 9, what is 5 - 2460?
-2454
In base 5, what is 4 - -304?
313
In base 2, what is -100 - 1000001?
-1000101
In base 8, what is -2 + -153?
-155
In base 2, what is 1000 - -1010?
10010
In base 2, what is -101011001 - -1100?
-101001101
In base 6, what is 5 - -100?
105
In base 6, what is 20 + 2?
22
In base 4, what is 3020022 - 11?
3020011
In base 15, what is -30 + 0?
-30
In base 12, what is -aa + -10?
-ba
In base 4, what is 11 + -2300?
-2223
In base 16, what is 2 + -22c?
-22a
In base 4, what is -112 + -3?
-121
In base 15, what is 3 + -1654?
-1651
In base 13, what is 3 + a91?
a94
In base 6, what is -3 - -132?
125
In base 15, what is 3 - -e85?
e88
In base 3, what is 2220 + 12?
10002
In base 5, what is -21130 + -2?
-21132
In base 12, what is -772 - -2?
-770
In base 12, what is 7 + -16?
-b
In base 16, what is -cc - 2?
-ce
In base 3, what is -20102112 + -10?
-20102122
In base 3, what is 2122 + 2?
2201
In base 16, what is 177 + 5?
17c
In base 11, what is 1878 - -4?
1881
In base 16, what is bb4 + -2?
bb2
In base 14, what is 5 - 35a?
-355
In base 10, what 